-115 (base 7) in base 12?
-51
What is 12 (base 3) in base 12?
5
What is -80 (base 12) in base 6?
-240
-c (base 15) to base 6
-20
Convert 4 (base 11) to base 7.
4
Convert 0 (base 10) to base 6.
0
Convert 1 (base 14) to base 9.
1
What is 100 (base 6) in base 3?
1100
17 (base 14) to base 2
10101
What is -5 (base 14) in base 4?
-11
0 (base 15) to base 16
0
Convert 111 (base 3) to base 6.
21
Convert 1012 (base 3) to base 9.
35
What is 1 (base 6) in base 8?
1
What is -15 (base 7) in base 5?
-22
Convert -53 (base 14) to base 3.
-2201
14 (base 15) to base 3
201
What is 7 (base 13) in base 6?
11
What is 11 (base 11) in base 16?
c
Convert -39 (base 11) to base 12.
-36
-a (base 13) to base 7
-13
What is 2 (base 9) in base 15?
2
What is 167 (base 16) in base 7?
1022
What is -20 (base 9) in base 4?
-102
Convert 110010 (base 2) to base 5.
200
What is 5 (base 13) in base 12?
5
What is -2 (base 14) in base 8?
-2
1 (base 8) to base 4
1
455 (base 6) to base 7
344
What is -1001 (base 2) in base 5?
-14
Convert 27 (base 15) to base 7.
52
Convert -73 (base 9) to base 10.
-66
Convert -27 (base 13) to base 11.
-30
2 (base 15) to base 6
2
What is 101011011 (base 2) in base 7?
1004
-ad (base 15) to base 9
-201
What is -20 (base 4) in base 3?
-22
What is 2 (base 11) in base 4?
2
What is e (base 16) in base 11?
13
Convert 21 (base 4) to base 13.
9
What is -1100 (base 2) in base 9?
-13
Convert -114 (base 6) to base 13.
-37
-10 (base 4) to base 2
-100
What is -100 (base 2) in base 13?
-4
-1c (base 13) to base 7
-34
Convert 20222 (base 3) to base 6.
512
1 (base 16) to base 14
1
What is -1110000 (base 2) in base 13?
-88
Convert 9e (base 15) to base 10.
149
Convert 34 (base 16) to base 5.
202
What is -222 (base 6) in base 5?
-321
Convert -2 (base 9) to base 14.
-2
Convert -38 (base 11) to base 2.
-101001
-90 (base 13) to base 5
-432
-a (base 16) to base 4
-22
What is 1 (base 4) in base 7?
1
28 (base 15) to base 6
102
-1d (base 15) to base 11
-26
11 (base 8) to base 3
100
12 (base 14) to base 7
22
Convert 55 (base 15) to base 16.
50
What is -37 (base 9) in base 3?
-1021
What is -15 (base 7) in base 2?
-1100
Convert -2 (base 4) to base 5.
-2
Convert -11111 (base 2) to base 16.
-1f
What is 3b (base 12) in base 15?
32
Convert -1 (base 14) to base 16.
-1
What is -26 (base 8) in base 13?
-19
What is 101 (base 2) in base 15?
5
4 (base 7) to base 11
4
-320 (base 10) to base 2
-101000000
What is 11 (base 2) in base 16?
3
1012 (base 3) to base 2
100000
3130 (base 4) to base 15
ea
What is -14 (base 13) in base 16?
-11
63 (base 11) to base 12
59
What is -23 (base 4) in base 2?
-1011
Convert -520 (base 7) to base 13.
-16c
-20 (base 6) to base 7
-15
Convert 21 (base 3) to base 14.
7
12 (base 5) to base 7
10
0 (base 9) to base 10
0
Convert -13 (base 4) to base 16.
-7
11 (base 8) to base 11
9
What is -30 (base 7) in base 12?
-19
35 (base 6) to base 13
1a
Convert -2 (base 14) to base 7.
-2
-92 (base 11) to base 16
-65
What is -2210 (base 3) in base 11?
-69
What is -b (base 14) in base 5?
-21
What is -43 (base 5) in base 7?
-32
Convert -12 (base 3) to base 13.
-5
1 (base 8) to base 4
1
Convert 1202 (base 5) to base 7.
342
What is -25 (base 9) in base 16?
-17
What is -10 (base 3) in base 11?
-3
What is -6 (base 7) in base 16?
-6
34 (base 7) to base 5
100
What is -1110 (base 2) in base 16?
-e
-79 (base 10) to base 7
-142
What is 3 (base 10) in base 6?
3
Convert -15 (base 14) to base 9.
-21
-25 (base 7) to base 12
-17
5 (base 13) to base 14
5
-534 (base 7) to base 6
-1130
-15 (base 10) to base 15
-10
20 (base 5) to base 13
a
What is 4 (base 15) in base 6?
4
Convert -25 (base 10) to base 16.
-19
-14 (base 9) to base 4
-31
264 (base 9) to base 5
1340
Convert -244 (base 5) to base 14.
-54
-1 (base 8) to base 4
-1
What is -10 (base 3) in base 16?
-3
What is -10 (base 8) in base 6?
-12
-10 (base 9) to base 16
-9
What is 253 (base 7) in base 12?
b4
Convert -3 (base 11) to base 3.
-10
-5 (base 11) to base 15
-5
-10 (base 10) to base 16
-a
What is -1 (base 13) in base 15?
-1
11 (base 3) to base 10
4
Convert 24 (base 5) to base 2.
1110
Convert 22 (base 13) to base 4.
130
Convert 2 (base 4) to base 11.
2
What is 2e (base 16) in base 4?
232
-10 (base 12) to base 15
-c
-130 (base 12) to base 7
-345
1 (base 9) to base 14
1
102 (base 7) to base 13
3c
4 (base 9) to base 13
4
-1001 (base 2) to base 16
-9
2a (base 14) to base 8
46
126 (base 7) to base 12
59
Convert -1 (base 7) to base 14.
-1
-1 (base 5) to base 7
-1
Convert 26 (base 14) to base 15.
24
Convert 10 (base 2) to base 14.
2
Convert 66 (base 13) to base 7.
150
3010 (base 4) to base 9
237
What is 8 (base 16) in base 13?
8
What is 1 (base 7) in base 3?
1
What is 1 (base 7) in base 6?
1
What is 265 (base 9) in base 13?
140
Convert 48 (base 10) to base 13.
39
What is 15 (base 9) in base 16?
e
b (base 16) to base 8
13
-70 (base 8) to base 9
-62
Convert -5 (base 14) to base 11.
-5
Convert -31 (base 7) to base 13.
-19
5 (base 12) to base 8
5
-10 (base 2) to base 5
-2
5 (base 7) to base 9
5
Convert -2 (base 9) to base 6.
-2
What is -2 (base 7) in base 10?
-2
Convert 1 (base 16) to base 9.
1
What is 31 (base 6) in base 3?
201
What is 2 (base 16) in base 2?
10
Convert 1202 (base 3) to base 8.
57
What is -2 (base 8) in base 9?
-2
What is -19 (base 15) in base 9?
-26
What is 1012 (base 3) in base 6?
52
Convert 211 (base 5) to base 6.
132
Convert 4 (base 11) to base 6.
4
10110111 (base 2) to base 9
223
What is -3 (base 11) in base 16?
-3
40 (base 7) to base 16
1c
-1 (base 5) to base 3
-1
What is -6 (base 10) in base 14?
-6
What is -13 (base 8) in base 15?
-b
Convert -c (base 13) to base 8.
-14
What is 8 (base 12) in base 4?
20
What is -31 (base 6) in base 5?
-34
-38 (base 16) to base 15
-3b
Convert -2 (base 16) to base 11.
-2
Convert 10 (base 2) to base 9.
2
-13 (base 5) to base 4
-20
What is -252 (base 6) in base 7?
-206
What is 6 (base 9) in base 4?
12
What is -44 (base 8) in base 14?
-28
-6 (base 9) to base 12
-6
-52 (base 8) to base 13
-33
6 (base 14) to base 12
6
288 (base 9) to base 14
134
What is 2 (base 16) in base 11?
2
-354 (base 6) to base 9
-167
What is -20 (base 12) in base 10?
-24
Convert 24 (base 11) to base 7.
35
What is 34 (base 16) in base 9?
57
Convert 12 (base 11) to base 3.
111
-30 (base 11) to base 13
-27
Convert -11 (base 4) to base 2.
-101
What is 10 (base 7) in base 16?
7
120 (base 3) to base 14
11
What is 15 (base 8) in base 6?
21
Convert -4 (base 8) to base 12.
-4
-2110 (base 3) to base 5
-231
What is 20 (base 4) in base 7?
11
-5 (base 13) to base 14
-5
What is -1111 (base 2) in base 8?
-17
Convert 12 (base 12) to base 10.
14
What is -6b (base 15) in base 5?
-401
What is -12 (base 15) in base 11?
-16
Convert 89 (base 12) to base 14.
77
-11 (base 2) to base 4
-3
What is -4 (base 7) in base 4?
-10
Convert 0 (base 7) to base 10.
0
What is 1 (base 14) in base 9?
1
-b (base 15) to base 6
-15
Convert -10 (base 5) to base 12.
-5
Convert 5 (base 9) to base 8.
5
Convert 1 (base 5) to base 8.
1
-22 (base 10) to base 4
-112
Convert 32 (base 5) to base 14.
13
What is -130 (base 6) in base 10?
-54
Convert 137 (base 8) to base 4.
1133
Convert 10 (base 3) to base 11.
3
Convert -3 (base 16) to base 5.
-3
What is -4 (base 16) in base 10?
-4
-bb (base 14) to base 2
-10100101
-2 (base 10) to base 2
-10
Convert -112 (base 14) to base 15.
-e2
-3 (base 9) to base 16
-3
What is -3 (base 12) in base 10?
-3
Convert -26 (base 15) to base 12.
-30
-16 (base 10) to base 4
-100
Convert -13 (base 8) to base 5.
-21
Convert -217 (base 9) to base 15.
-bd
What is -7 (base 14) in base 3?
-21
Convert 2 (base 13) to base 11.
2
Convert -202 (base 3) to base 9.
-22
What is 23 (base 8) in base 10?
19
-123 (base 7) to base 14
-4a
What is -12 (base 3) in base 5?
-10
-5 (base 10) to base 13
-5
What is 2c (base 13) in base 12?
32
What is -9 (base 11) in base 8?
-11
What is -2 (base 6) in base 15?
-2
What is -18 (base 13) in base 2?
-10101
What is -26 (base 14) in base 12?
-2a
What is 71 (base 13) in base 16?
5c
17 (base 9) to base 16
10
627 (base 8) to base 6
1515
Convert -14 (base 8) to base 13.
-c
-1 (base 3) to base 15
-1
What is 2 (base 13) in base 4?
2
Convert -15 (base 13) to base 6.
-30
-18 (base 14) to base 2
-10110
Convert 27 (base 11) to base 7.
41
Convert -13 (base 14